highest common divisor of i and u.
2
Let r = 2797 + -2717. Let p be 0 - (2 + 0 - 0). Let b be ((-16)/(-10))/(p/(-10)). Calculate the greatest common divisor of b and r.
8
Suppose -3*g + k - 2 = -55, 3*g + k = 55. Let a(q) = 2*q**2 - 8*q - 15. Let b be a(7). Calculate the highest common factor of g and b.
9
Let g = -45 - -51. Calculate the greatest common divisor of 21 and g.
3
Suppose 0 = i - 5*i + 76. Let h(t) = -t + 2. Let p be h(0). Suppose -o - 37 = -y - 6*o, -o - i = -p*y. What is the greatest common factor of y and 30?
6
Let q(m) = 2*m**2 - 12*m + 38. Let l be q(11). Let j = 152 - l. Calculate the highest common factor of 28 and j.
4
Suppose 14*h - 70 = 9*h. Calculate the highest common factor of 98 and h.
14
Let i(b) = 16*b + 231. Let x be i(-14). What is the highest common divisor of x and 119?
7
Let c(j) = j**3 + 13*j**2 - 25*j - 10. Let h be c(-13). Suppose -182 - 43 = -5*w. Calculate the greatest common divisor of w and h.
45
Suppose 2*g + 2*b = 16, -b = -5*g + b + 75. Suppose 3*n + g - 37 = 0. Suppose 147 = 5*y - 213. Calculate the greatest common factor of n and y.
8
Suppose 4*v - v = 60. Let c be (-78)/(-12)*(-12)/(-39) + -1. Let x = c + v. What is the highest common factor of 3 and x?
3
Suppose -4*b = -379 + 59. Let w(j) = -4*j**3 + 2*j**2 + 3*j - 4. Let r be w(-3). Let t = r - b. What is the highest common factor of t and 132?
33
Let p(j) = 4*j - 5. Let o be p(5). Let f = -22 - -144. Suppose 3*b = f + 13. What is the greatest common divisor of o and b?
15
Let c be 243/18*8*1/2. Suppose 9*t - 10 = 4*t. Suppose 0 = t*p - 6 - 6. What is the greatest common factor of c and p?
6
Suppose 2*r + 3*r = -20. Let n be 1*(-1)/((4/(-62))/(-2)). Let p = r - n. Calculate the greatest common divisor of p and 18.
9
Suppose -16 = -5*w + 4. Let q(u) = u**2 - 2*u + 2. Let b be q(w). Suppose -2*h - 58 = x - 214, -2*x = 5*h - 392. What is the highest common divisor of h and b?
10
Suppose 140*s - 10816 = 88*s. Calculate the greatest common factor of s and 104.
104
Let s(n) = n**3 - n + 277. Let h be s(0). Let l = -157 + h. Let u = l + -84. Calculate the highest common divisor of u and 4.
4
Let n = 11 + -9. Let b be n + 1 - (-48)/8. Suppose b*l + 108 = 12*l. Calculate the highest common divisor of l and 12.
12
Let n = -57 - -59. Let m be 19/(1*2/(20/n)). Calculate the greatest common factor of 19 and m.
19
Let n be ((-164)/14)/(20/(-70)). Calculate the greatest common factor of 205 and n.
41
Let v(m) = 8*m**3 + 5*m + 4. Let t be v(-4). Let h = -348 - t. Calculate the greatest common divisor of 20 and h.
20
Let z be 1/(((-14)/(-168))/(8/6)). Calculate the highest common factor of 12 and z.
4
Let k(z) = 9*z - 19. Let u be k(4). Calculate the highest common factor of u and 2.
1
Suppose 0 = 2*m - 6*m + 19*m - 30. Suppose -2 = -2*h + 2. Suppose 0 = -0*b - 3*b - h*n + 22, 7 = 3*b - n. What is the greatest common factor of b and m?
2
Suppose -k - 2*i = -3*k + 30, 2*k + 5*i - 30 = 0. Suppose 0*d = -d + k. Calculate the highest common divisor of d and 6.
3
Suppose v = 4 - 2. Suppose 2*c = z - 8, -2*z + 3*c = -4*z - 5. Suppose v*j - 22 = 4*w, -j - z*j + w = -28. Calculate the highest common factor of 45 and j.
9
Let p be 9/6*(3 + 1). Suppose 0 = -2*l - l + p. Suppose g + 78 = 5*k, l*g = 3*k + 8 - 59. What is the highest common factor of 15 and k?
15
Let l(g) = -2*g - 1. Let n be l(-8). Let f(o) = 2*o + 3. Let u be f(6). Calculate the highest common divisor of n and u.
15
Let v(l) = 2*l**2 - 23*l + 51. Let m be v(12). What is the highest common factor of 1071 and m?
63
Let o(s) = s**3 - 33*s**2 - 27*s + 30. Let m be o(34). Calculate the highest common factor of m and 67.
67
Let f be 250/12 - (-11)/66. Let j = -1 - -1. Let o be 0/(-3) - (-3 - j). Calculate the greatest common factor of f and o.
3
Let o be (-60)/8*(-4)/10. Let m(l) = -2*l**2 + 3*l + 4. Let i be m(o). Let p be (i + 1)/((-9)/45). What is the greatest common factor of 8 and p?
4
Let h(n) = -n**3 + 5*n**2 - 1. Let x be h(4). Suppose 3*u - 3*z = 18, -4*u = -4*z + 3*z - x. What is the greatest common divisor of 12 and u?
3
Suppose -5*f + 797 = 4*j, -159 = 204*f - 205*f - j. Calculate the highest common divisor of 1127 and f.
161
Let p = 330 - 215. Suppose -8*k + 4*k = -5*a - 396, 396 = 4*k - 3*a. Suppose 4*t - k = 85. Calculate the greatest common factor of p and t.
23
Let g be (56 - 3) + (-2 - -4)/(-2). Suppose n - 2*x - 16 = 0, -4*n - x - x + 114 = 0. Calculate the highest common factor of g and n.
26
Suppose -7*l = -372 - 237. What is the highest common divisor of l and 1479?
87
Let b be ((-116)/(-14))/(10/70). Let r be (1 + -2)/1 - -41. Let y = b - r. What is the greatest common divisor of y and 126?
18
Let t(m) = 125*m + 19. Let d be t(6). Let y = d + -483. What is the highest common factor of 26 and y?
26
Suppose 0 = 2*s + 2*g - 62, 0*g - 122 = -4*s - 2*g. Let o = 190 + 20. Calculate the greatest common divisor of s and o.
30
Suppose 32 - 12 = 2*d + 4*l, -3*d + 4*l + 40 = 0. Let a be (d - (-5 - -4 - -5)) + 2. Calculate the greatest common factor of 70 and a.
10
Let k be (-8 - (-40)/8)*4. Let u(x) = x**2 + x + 2. Let n be u(-5). Let l = n + k. Calculate the highest common divisor of l and 15.
5
Suppose -9*c = -943 - 3620. What is the greatest common divisor of 78 and c?
39
Let f be (-248)/60 + 4 - 542/(-15). What is the greatest common divisor of f and 27?
9
Let w be 16/(-12) - (-8)/6. Suppose 0 = -w*d + d - 273. Calculate the highest common divisor of d and 39.
39
Suppose 4*z - 5*h + 24 = 0, 0 = 5*z - 5*h + 4 + 26. Let t be (-16)/z*(-36)/16. Let o be (5 + 3)*t/(-4). Calculate the highest common factor of o and 84.
12
Let h be (-8)/((-3)/4*(-17)/(-51)). What is the greatest common divisor of 72 and h?
8
Let l(j) = j**2 - 5*j - 3. Let o be l(7). Suppose n + o = 2*n. Calculate the greatest common divisor of n and 11.
11
Let o = -1 - -5. Suppose 4*i + 2*v + 90 = 0, -4*i + i = v + 69. Let u be (0 - -4)/(i/(-24)). Calculate the highest common factor of o and u.
4
Suppose 0 = 5*s - 191 + 46. Suppose -44 = -2*m - r, 5*r - s = 4*m - 117. Calculate the highest common divisor of m and 110.
22
Suppose 3*u = -2*j + 448, -5*j + 59*u + 1130 = 64*u. What is the highest common divisor of 506 and j?
46
Suppose 2*x - 8 = 4*f, -2*f + 12 = 5*x - 4*f. Suppose 0 = -z + x*o + 7, 3*o - 19 = -z + o. What is the highest common divisor of 91 and z?
13
Let r(s) = -s**3 - 3*s**2 - s - 1. Let d be -1 + 4 + 1 + -3. Suppose 2*z - d = -7. Let g be r(z). Calculate the highest common divisor of 1 and g.
1
Let u be 478/4 + 5/10. Suppose m - 5*o = 5*m - 240, -3*o - 120 = -2*m. Suppose -9*h = -14*h + m. What is the highest common factor of u and h?
12
Let w(c) = 15*c + 8. Let r be w(6). Suppose 5*q + 5*g - r - 42 = 0, 2*q + 5*g = 56. Calculate the greatest common divisor of q and 308.
28
Let l be (1/(-2))/((-10)/40). Let v be ((-21)/2)/(l/(-4)). What is the greatest common divisor of v and 7?
7
Suppose -7*u + 3*u + 35 = -5*t, 4*t + 4*u = 8. Let g be (t/6)/((-4)/96). Calculate the highest common factor of 36 and g.
12
Suppose 0 = 4*u - i - 356, 0*u - 3*i - 258 = -3*u. Let n = 460 + -442. Calculate the greatest common divisor of u and n.
18
Let m = -5 - -7. Suppose 12*h - 28 = 5*h. Suppose -m*k + h*k + 16 = 3*c, -4*c + 23 = -k. What is the greatest common divisor of 15 and c?
3
Let k(x) = 2*x**3 - x**2 - 12*x. Let z be k(3). What is the highest common divisor of 18 and z?
9
Suppose 584 = 6*f - 76. What is the greatest common divisor of 352 and f?
22
Let f(l) = l**3 + 18*l**2 - 9*l + 37. Let d be f(-13). Calculate the greatest common divisor of d and 74.
37
Let y(m) = -6*m + 82. Let i be y(8). What is the greatest common divisor of i and 68?
34
Let i(u) = -167*u**3 + u**2. Let f be i(-1). Suppose f = 8*k - 0*k. What is the greatest common divisor of k and 7?
7
Suppose -5*n = -2*h + 140, -2*h - 298 = -6*h + n. What is the highest common divisor of 105 and h?
15
Suppose -343 = -4*v - w, -3*v - 3*w = 129 - 393. What is the highest common factor of 51 and v?
17
Suppose 2*q + 4 = -c + 3*c, 4*q - 8 = -4*c. Let v(x) = -c + 1 + x + x - 3. Let p be v(7). Calculate the highest common factor of p and 25.
5
Suppose 314 = 2*t - 2*f, f = 13 - 11. Calculate the highest common divisor of t and 265.
53
Suppose -2*s + 76 = 4*r - 4*s, 0 = 3*r + 4*s - 3